+ 88*r. Give t(w).
3
Suppose -5*d = 4*y - 156 + 44, 4*d + 2*y - 92 = 0. Let u(p) = p**3 - 24*p**2 - p + 39. Calculate u(d).
15
Suppose 0*i = 2*g - 2*i, -4*i = g - 10. Let p(l) = -9*l + 9*l - g*l - 3. Calculate p(5).
-13
Let z(w) = -w**3 - 7*w**2 + 10*w + 17. Let c be (4 - 8)*(9 - 10). Let n(s) = -12*s + 40. Let u be n(c). Give z(u).
1
Let t(y) = -72*y**3 + 7*y**2 - y + 22. Let c(h) = -358*h**3 + 39*h**2 - 6*h + 121. Let m(v) = -2*c(v) + 11*t(v). Calculate m(1).
-76
Let c be -6*((-22)/12 - (-196)/168). Let m(x) be the second derivative of -x**2 - 8*x - x**3 + 0 - 1/12*x**c. Give m(-5).
3
Let m(k) be the third derivative of k**5/20 - 11*k**4/24 + 2*k**3 - 3*k**2 + 492*k. Calculate m(4).
16
Let y(g) = -4*g - 7. Let l(j) = -2*j - 3. Let i(v) = -5*l(v) + 3*y(v). Let d(s) = -911*s - 40992. Let a be d(-45). Calculate i(a).
-12
Let h(v) = -v + 313. Let q(n) = -7*n + 1255. Let i(b) = 4*h(b) - q(b). Let t(s) = s**3 - 5*s**2 - 7*s. Let w be t(6). Give i(w).
-21
Let r(g) = 12 + 2*g - 78*g**3 - 6*g + 93*g**3. Let c(k) = 7*k**3 - 2*k + 6. Let j(i) = -13*c(i) + 6*r(i). Let m(h) be the first derivative of j(h). Give m(2).
-10
Suppose 6*w - 42 = 210. Let j = -38 + w. Suppose 3*h - 5*v = -17, -j*h + v - 17 = -0*v. Let d(i) = i**2 + 6*i + 2. Calculate d(h).
-6
Let s = -35 + 41. Let m(c) be the third derivative of c**6/180 + c**5/120 - 2*c**4/3 + 7*c**2 + 4. Let x(n) be the second derivative of m(n). What is x(s)?
25
Suppose -3*k = -0 - 18. Let u(h) = -7*h**2 + 4. Let z(t) = 4 + 199*t - 2 - 6 + 8*t**2 - 1 - 198*t. Let m(s) = k*u(s) + 5*z(s). Determine m(4).
-13
Let u be -4 + (-8)/(48/150). Let h = u - -26. Let o(y) = y**2 + 3*y - 2. What is o(h)?
-2
Let t(l) be the second derivative of 3/2*l**2 - 1/20*l**5 + 0 - 1/2*l**4 - l - 5/6*l**3. Let a be 8/(-6*4)*(0 + -3) - 5. Calculate t(a).
-9
Let n(i) be the second derivative of i**7/2520 - i**6/180 - i**5/60 + 11*i**4/12 - i. Let y(r) be the third derivative of n(r). Let q = 29 - 26. Give y(q).
-5
Let r(p) = p**2 + p - 5. Let g be 32 + ((-448)/(-196) - (-4)/(-14)). Let x be (-98)/g + (-2016)/(-204) + -10. Calculate r(x).
1
Suppose 7*d - 56 = 175. Let g(q) = -33*q - d*q - 31*q + 99*q - 3. Determine g(6).
9
Let j(u) = -5*u**2 + 13*u - 35. Let y(s) = -4*s**2 + 9*s - 33. Let b(n) = 5*j(n) - 6*y(n). What is b(12)?
11
Let t(f) = f - 20. Let s be (-208)/(-26 + 13) + -8. Calculate t(s).
-12
Let a(w) = -5*w + 75. Let j be a(12). Suppose 9*l - 30 = j*l. Let x(f) be the second derivative of f**5/20 + f**4/3 - f**3 - f**2/2 - 2*f. What is x(l)?
4
Let t(c) = 11*c**2 - c + 28. Let f(o) = -5*o**2 - 30*o**2 + 37*o**2. Let x(d) = 6*f(d) - t(d). What is x(0)?
-28
Let m(a) be the first derivative of a**4/4 - 23*a**3/3 + 10*a**2 + 41*a - 968. Calculate m(22).
-3
Let l(h) = -h**3 + 4*h**2 - 6*h + 1. Let f(s) = s**3 - 23*s**2 + 25*s - 65. Let k be f(22). Suppose d = -k, -2*d - 22 = -5*n - 0*d. Calculate l(n).
-23
Let m(d) = 4*d. Let l(n) = n**2 - 27*n + 64. Suppose -122 = -4*h - 26. Let w be l(h). What is m(w)?
-32
Suppose -a - 3*d = 10, -2*a - 4*d = -3*a + 11. Let i(n) = -33*n - 23. Let s be i(a). Let r(f) = f**3 - 11*f**2 + 9*f + 15. Give r(s).
5
Let u(h) = -h**2 + 3*h + 2. Suppose -6*l + 9 = 2*q - 3*l, -3 = -4*q - l. Suppose q*k + 20 = 5*k, -v - 162 = -5*k. Let s = 146 + v. Calculate u(s).
-2
Let u(m) = -4*m**3 - 18*m**2 - 20*m + 44. Let s(n) = 9*n**3 + 37*n**2 + 43*n - 89. Let g(b) = -3*s(b) - 7*u(b). Determine g(-14).
1
Suppose -315 = -13*x + 10*x. Let b(q) = -q + 104*q**2 + 0*q - x*q**2 - 6*q - 6. Give b(-8).
-14
Let l = 2 + 2. Let b(a) = 5*a + 533. Let j(r) = r + 103. Let h(n) = 6*b(n) - 31*j(n). Give h(l).
1
Suppose 4*y - 256 = -4*u, 0*u + 258 = 4*y + 5*u. Let r = -42 + y. Let m(x) = 1 + r*x + 2*x**3 - 14*x - 7*x. Calculate m(2).
15
Let a(r) = -r**3 - 13*r**2 - 22*r + 10. Let k be (-11)/((3 - 9) + 7). What is a(k)?
10
Let x(y) = 4 - 5181*y**2 + 2594*y**2 + 2588*y**2 - 29*y. What is x(30)?
34
Let l = 4 + -6. Let r(n) = 31*n**2 + 12*n + 388. Let q(w) = -5*w**2 - 2*w - 63. Let u(s) = -37*q(s) - 6*r(s). Determine u(l).
-5
Suppose 0 = -5*m - 3*p - 399, 5*m + 5*p + 395 = -0*m. Let t = -76 - m. Suppose 4*q + 3 = x + t, x + 2 = -2*q. Let a(o) = o + 6. Calculate a(q).
6
Suppose 4*i - 3*o + 18 = 0, -2*i - 5*o - 2 - 20 = 0. Let c be (2/i - 9/(-27))/1. Let h(x) = x**2 + 4 - 2 - 2*x**2. Give h(c).
2
Let o be (-6)/(-20) - 254/(-20). Let a(k) = 6*k - 3*k - 2*k - 14 - 4*k + o + 3*k**2. Give a(3).
17
Let s(w) = -7*w + 4*w - 2*w - 54 + 64. What is s(7)?
-25
Let w be (15/(-33))/((-34)/374). Let f(a) be the first derivative of -a + 1/3*a**3 - w - 5/2*a**2. Give f(6).
5
Let q(r) = -431*r + 122 + 110 - 231 + 426*r. Let f = -4 + 6. Calculate q(f).
-9
Suppose -4*f + o + 2641 = 0, -4*f + 3*o - 2621 = -8*f. Let x(y) = -5 + 1 - f*y + 330*y + 331*y. Let w = -5 + 8. Calculate x(w).
2
Let u(k) = 7*k - 8. Let o(z) = z - 5. Suppose -28 = 3*v + 5*g, -v + 8*g - 7*g + 4 = 0. Let i(l) = v*u(l) + 5*o(l). Determine i(-8).
-1
Let t(d) be the second derivative of -d**4/12 + 7*d**3/6 - 11*d**2/2 - 4704*d. What is t(2)?
-1
Let q(k) be the first derivative of -1/4*k**4 - 5*k - 60 - k**2 + k**3. What is q(4)?
-29
Let h(a) = 3*a - 17. Let w(j) = 2*j + 7. Let d(g) = h(g) - 3*w(g). Give d(6).
-56
Let j be 7 + (-8)/(2 - 0). Let b = 6 - j. Let h(r) = 5*r + 0*r - 4*r - b + 6*r. Determine h(2).
11
Suppose 8 = -3*j - 4. Let u(x) = 4*x**2 - 330*x + 2. Let n(g) = -5*g**2 + 395*g - 3. Let c(a) = 5*n(a) + 6*u(a). Calculate c(j).
1
Let m be (2 - (5 + -1)/1) + 18. Suppose l = -3*l + 48. Suppose -h - m = -l. Let c(q) = q**3 + 3*q**2 - 2*q - 5. What is c(h)?
-13
Let u(f) = f**2 - 6*f - 20. Let g = 631 - 634. Give u(g).
7
Let w be 7 + (-12)/(-20)*(6 + -11). Let f(n) = -1 + 4*n - 3*n + 4 - 6. Determine f(w).
1
Let b(d) = -8*d - 64. Let u = -76 + 68. Let p be b(u). Let w(f) = -f**2 + 5. Determine w(p).
5
Let o(u) = 82*u**2 + 81*u**2 - 4*u + 119 - 249*u**2 + 87*u**2 - 19*u. What is o(9)?
-7
Suppose q = 24 - 24. Suppose -3*u + 1 = h - 12, q = h + 4*u - 14. Let b(s) = s**3 - 10*s**2 + s - 11. What is b(h)?
-1
Let v = -82 + 86. Suppose -199 = -v*c + 77. Let u = c + -77. Let x(b) = -b**2 - 10*b - 4. What is x(u)?
12
Let i(p) = 2*p**2 - 10*p - 2. Suppose 24 + 18 = 7*f. Let k be i(f). Let r(m) = -m**3 + 10*m**2 - m + 8. Calculate r(k).
-2
Let b be ((-3)/6)/(23/230). Let y(w) = w**3 + 6*w**2 + 6*w + 4. What is y(b)?
-1
Let q(c) = -4*c**2 - 1. Suppose 0 = -2*w - 1 + 9. Suppose -h = 2*a - 4, w*a = -4*h - a + 13. Let l be 1 + -3 + (h - -1). Calculate q(l).
-5
Let q(p) be the second derivative of p**3/3 + p**2/2 - 17594*p. Let s = -8 + 17. Let o = 4 - s. Give q(o).
-9
Let s be -5 + (1 - -1 - 3). Let f(m) = m**3 - 14*m + 128*m**2 - 5 - 377*m**2 - 3 + 126*m**2 + 127*m**2. Determine f(s).
4
Let u = -29 - -36. Let h(o) = -3*o - 2. Let p(s) = 3*s + 1. Let x(f) = u*p(f) + 3*h(f). Calculate x(-1).
-11
Suppose 0 = b - 6*b - 5*b. Let q(f) = f - 5*f + 5 + b*f + 3*f. Give q(0).
5
Let g(y) = -y**2 - 2*y - 14. Suppose 0 = -7*c - 82 + 33. Let i(v) = -4*v**2 - 7*v - 42. Let z(m) = c*g(m) + 2*i(m). What is z(0)?
14
Let c(b) be the first derivative of 13*b**3/3 + 89*b**2/2 - 14*b - 2734. What is c(-7)?
0
Suppose 2 = -2*h + 2*y, 20 = -0*h + 4*h + 4*y. Suppose h*r - 3 = 5, 0 = 4*q + r - 28. Let i(b) = b + 1. Let a(n) = 1. Let f(z) = a(z) - i(z). Give f(q).
-6
Let r(l) = 5*l**2 - 4*l - 4. Let v be r(5). Let u = v + -98. Let q(t) = 7*t + 2 - 8 - 25*t**3 + 2 - 6*t**2 + 26*t**u. Calculate q(4).
-8
Let r(c) = -c**2 - c + 3. Let k be (-1)/((-11)/10*2 + 2). Suppose 0 = -6*p - 23 + k. Determine r(p).
-3
Let n(q) = q + 7. Let i be 28/70 - (-54)/(-10). Let v be n(i). Let h(k) = -173*k - 5. Let a(u) = -99*u - 3. Let z(b) = -7*a(b) + 4*h(b). Calculate z(v).
3
Suppose -24*a - 204 = -41*a. Suppose w + 0 = -5*y - 4, 0 = -3*w - y - a. Let c(b) = 9*b + 1. Determine c(w).
-35
Let f(s) = 7*s**3 + s**2 + s. Suppose 5*g - 4*l = 2*g + 50, g - 18 = 2*l. Suppose 15*p = g*p - 1. Determine f(p).
-7
Let c(f) = f - 8. Suppose 6*w - 36 = -3*w. Suppose -w*t + 56 = 10*t. Suppose 60 = -t*k + 14*k. Calculate c(k).
-2
Suppose 4*z = -5*v - 1, -2*v + 5 = 3*z + 11. Let t(p) = -3*p**3 - 130*p**2 + 83*p + 23. Let k be t(-44). Let a(x) = x + 246 - 7*x - 6*x - k + x. Give a(v).
-30
Suppose -2*b + r + 22 = -r, 2*r = -3*b + 28. Let h be (-7 + b)*1/3 - -1. Let c